of 172260?
True
Does 57 divide 2291914?
False
Is 3184306 a multiple of 41?
True
Is 5 a factor of 986857?
False
Is 54 a factor of 12007064?
False
Is 403600 a multiple of 25?
True
Does 51 divide 1202371?
False
Is 259270 a multiple of 22?
True
Is 486194 a multiple of 859?
True
Is 281 a factor of 100317?
True
Is 393 a factor of 2401230?
True
Does 13 divide 50947?
True
Is 921760 a multiple of 112?
True
Is 529018 a multiple of 29?
True
Is 3424140 a multiple of 2?
True
Is 946994 a multiple of 16?
False
Is 117970 a multiple of 20?
False
Is 87694 a multiple of 38?
False
Is 457920 a multiple of 60?
True
Does 55 divide 223536?
False
Is 65416 a multiple of 74?
True
Is 412 a factor of 25476432?
True
Is 85 a factor of 142513?
False
Does 16 divide 24403?
False
Does 351 divide 153036?
True
Does 8 divide 2711280?
True
Is 158292 a multiple of 9?
True
Does 5 divide 522995?
True
Is 46432 a multiple of 4?
True
Does 3 divide 366156?
True
Does 677 divide 493533?
True
Is 241353 a multiple of 189?
True
Is 6113 a multiple of 9?
False
Is 2158209 a multiple of 261?
True
Is 1427 a factor of 14161548?
True
Is 2380 a multiple of 20?
True
Does 40 divide 140800?
True
Is 7 a factor of 14359?
False
Is 1014 a factor of 1279668?
True
Is 2039693 a multiple of 323?
False
Does 282 divide 3456924?
False
Is 567556 a multiple of 86?
False
Does 22 divide 3539008?
True
Does 80 divide 66080?
True
Is 2585 a multiple of 50?
False
Is 167 a factor of 7311594?
True
Is 4213783 a multiple of 885?
False
Does 10 divide 50890?
True
Is 93261 a multiple of 14?
False
Is 36 a factor of 1378368?
True
Is 354 a factor of 107677?
False
Is 4124960 a multiple of 112?
True
Is 1470843 a multiple of 537?
True
Is 325 a factor of 407225?
True
Does 31 divide 325264?
False
Is 17156763 a multiple of 39?
True
Does 76 divide 321556?
True
Is 46 a factor of 1537237?
False
Is 17 a factor of 27963551?
False
Does 7 divide 297827?
False
Is 69895 a multiple of 8?
False
Is 12 a factor of 406214?
False
Does 15 divide 1150575?
True
Does 7 divide 12278?
True
Does 6 divide 114129?
False
Is 257455 a multiple of 11?
True
Does 33 divide 6999366?
True
Is 42 a factor of 2161992?
True
Is 1585539 a multiple of 241?
True
Is 133 a factor of 358286?
False
Is 1114902 a multiple of 470?
False
Does 244 divide 767227?
False
Is 27273 a multiple of 37?
False
Is 5228049 a multiple of 59?
True
Is 255 a factor of 957308?
False
Is 100 a factor of 311900?
True
Is 726375 a multiple of 195?
True
Is 3636957 a multiple of 8?
False
Is 5 a factor of 1201165?
True
Is 2046050 a multiple of 8?
False
Is 367942 a multiple of 20?
False
Is 8627806 a multiple of 649?
True
Does 46 divide 3664913?
False
Does 3 divide 12945?
True
Is 2054416 a multiple of 17?
True
Does 150 divide 7200?
True
Is 3115118 a multiple of 29?
False
Does 11 divide 326887?
True
Is 28 a factor of 1669864?
True
Does 8 divide 500408?
True
Does 10 divide 65578?
False
Is 420614 a multiple of 125?
False
Is 73838 a multiple of 31?
False
Is 415 a factor of 32785?
True
Is 12127051 a multiple of 1531?
True
Is 84 a factor of 815472?
True
Is 33 a factor of 143277?
False
Is 489383 a multiple of 19?
True
Is 252 a factor of 88443?
False
Is 12800 a multiple of 9?
False
Is 193462 a multiple of 59?
False
Is 24 a factor of 1105560?
True
Is 33 a factor of 62007?
True
Is 4964 a multiple of 34?
True
Is 116706 a multiple of 45?
False
Is 164 a factor of 765880?
True
Is 5697310 a multiple of 5?
True
Is 47 a factor of 940279?
False
Does 17 divide 9678997?
False
Is 244983 a multiple of 127?
True
Is 6615301 a multiple of 237?
False
Does 17 divide 266951?
True
Does 54 divide 214218?
True
Is 16042944 a multiple of 24?
True
Is 31 a factor of 835078?
True
Is 12020632 a multiple of 1768?
True
Is 4230508 a multiple of 626?
True
Does 9 divide 177444?
True
Does 293 divide 531795?
True
Is 55 a factor of 1320222?
False
Is 5 a factor of 232931?
False
Is 16 a factor of 306491?
False
Is 931380 a multiple of 361?
True
Does 12 divide 168101?
False
Does 53 divide 736117?
True
Does 4 divide 83?
False
Does 91 divide 1978067?
True
Does 8 divide 2002496?
True
Is 129240 a multiple of 120?
True
Is 9 a factor of 148300?
False
Is 46876 a multiple of 25?
False
Is 107 a factor of 1739326?
False
Does 362 divide 4599934?
True
Does 22 divide 417049?
False
Does 106 divide 205958?
True
Does 18 divide 2739834?
True
Does 246 divide 191142?
True
Does 22 divide 29260?
True
Does 15 divide 597645?
True
Is 1630682 a multiple of 42?
False
Is 859825 a multiple of 18?
False
Is 317156 a multiple of 54?
False
Is 29 a factor of 1874560?
True
Is 10 a factor of 42429?
False
Is 473 a factor of 1380383?
False
Does 26 divide 1135576?
True
Is 94 a factor of 926317?
False
Is 6 a factor of 340913?
False
Is 19 a factor of 5492945?
False
Is 497143 a multiple of 2?
False
Is 3513013 a multiple of 7?
True
Is 260 a factor of 319540?
True
Does 21 divide 44258?
False
Is 154 a factor of 2502329?
False
Does 19 divide 8797342?
True
Is 718944 a multiple of 227?
False
Is 98 a factor of 355084?
False
Is 420472 a multiple of 104?
True
Is 216048 a multiple of 32?
False
Is 24 a factor of 10487520?
True
Is 3642400 a multiple of 200?
True
Is 1920688 a multiple of 616?
True
Is 207 a factor of 21499?
False
Is 5125536 a multiple of 936?
True
Does 851 divide 7415098?
False
Is 19167426 a multiple of 14?
False
Is 269094 a multiple of 32?
False
Does 5 divide 1557811?
False
Does 12 divide 810571?
False
Does 64 divide 160960?
True
Is 3 a factor of 310279?
False
Is 16 a factor of 170864?
True
Does 66 divide 715154?
False
Does 74 divide 400712?
False
Is 604113 a multiple of 79?
True
Is 21418107 a multiple of 111?
False
Does 494 divide 2129367?
False
Does 13 divide 56551?
False
Does 213 divide 372537?
True
Is 378 a factor of 8425089?
False
Is 557968 a multiple of 344?
True
Is 584075 a multiple of 23?
False
Is 112 a factor of 17248?
True
Is 2 a factor of 368?
True
Does 94 divide 1416580?
True
Is 37 a factor of 3909124?
True
Does 43 divide 443717?
True
Does 16 divide 144992?
True
Is 544678 a multiple of 14?
False
Is 200 a factor of 3245200?
True
Is 974932 a multiple of 12?
False
Is 219 a factor of 2768167?
False
Does 85 divide 492774?
False
Is 636 a factor of 1160842?
False
Does 41 divide 4183433?
False
Does 558 divide 1857738?
False
Does 6 divide 54300?
True
Is 59164 a multiple of 60?
False
Is 158301 a multiple of 13?
True
Does 9 divide 513401?
False
Is 60588 a multiple of 68?
True
Is 13 a factor of 7137806?
True
Is 71764 a multiple of 22?
True
Is 544 a factor of 2155080?
False
Is 10484295 a multiple of 19?
True
Is 146124 a multiple of 36?
True
Does 617 divide 430561?
False
Is 70100 a multiple of 50?
True
Is 7088634 a multiple of 94?
True
Does 300 divide 2848927?
False
Is 6432060 a multiple of 12?
True
Is 99 a factor of 357111?
False
Is 25 a factor of 465594?
False
Is 67 a factor of 1522441?
True
Does 28 divide 3117133?
False
Is 1937252 a multiple of 34?
True
Does 55 divide 5293897?
False
Does 338 divide 400306?
False
Is 4847 a multiple of 7?
False
Is 22 a factor of 160215?
False
Is 3 a factor of 45782?
False
Is 68293 a multiple of 31?
True
Is 428 a factor of 11567556?
True
Is 5852411 a multiple of 12?
False
Is 288365 a multiple of 55?
True
Is 11 a factor of 4394599?
True
Does 838 divide 21547494?
True
Does 33 divide 508530?
True
Is 45 a factor of 94680?
True
Is 606 a factor of 18801652?
False
Is 82650 a multiple of 95?
True
Is 168 a factor of 1332912?
True
Does 274 divide 1439656?
False
Is 43 a factor of 2386844?
True
Is 297 a factor of 563409?
True
Is 4632606 a multiple of 18?
True
Does 75 divide 189900?
True
Is 1491666 a multiple of 22?
True
Does 18 divide 4023306?
True
Is 34 a factor of 303858?
True
Is 525 a factor of 1044750?
True
Is 242970 a multiple of 623?
True
Is 261063 a multiple of 11?
True
Is 88226 a multiple of 31?
True
Is 73989 a multiple of 13?
False
Does 105 divide 13126222?
False
Is 336824 a multiple of 142?
True
Is 1251986 a multiple of 701?
True
Is 63840 a multiple of 20?
True
Is 143 a factor of 197265?
False
Does 9 divide 918765?
True
Does 539 divide 999306?
True
Is 51548 a multiple of 4?
True
Is 48 a factor of 96384?
True
Is 44 a factor of 1734875?
False
Does 15 divide 21558?
False
Is 139476 a multiple of 4?
True
Is 3508308 a multiple of 36?
True
Is 33652 a multiple of 260?
Fal